ed by 38.
23
Calculate the remainder when 534 is divided by 522.
12
Calculate the remainder when 309 is divided by 5.
4
Calculate the remainder when 2018 is divided by 6.
2
Calculate the remainder when 390 is divided by 29.
13
What is the remainder when 715 is divided by 79?
4
Calculate the remainder when 496 is divided by 82.
4
What is the remainder when 99 is divided by 4?
3
Calculate the remainder when 23 is divided by 12.
11
Calculate the remainder when 265 is divided by 59.
29
Calculate the remainder when 132 is divided by 69.
63
Calculate the remainder when 649 is divided by 298.
53
Calculate the remainder when 137 is divided by 29.
21
Calculate the remainder when 98 is divided by 50.
48
Calculate the remainder when 231 is divided by 45.
6
What is the remainder when 86 is divided by 29?
28
What is the remainder when 453 is divided by 48?
21
What is the remainder when 2049 is divided by 54?
51
Calculate the remainder when 193 is divided by 10.
3
What is the remainder when 280 is divided by 14?
0
What is the remainder when 898 is divided by 129?
124
What is the remainder when 69 is divided by 22?
3
Calculate the remainder when 1111 is divided by 8.
7
What is the remainder when 1982 is divided by 28?
22
What is the remainder when 2832 is divided by 941?
9
What is the remainder when 168 is divided by 34?
32
What is the remainder when 4261 is divided by 16?
5
Calculate the remainder when 117 is divided by 115.
2
What is the remainder when 11 is divided by 2?
1
Calculate the remainder when 2824 is divided by 313.
7
Calculate the remainder when 212 is divided by 40.
12
Calculate the remainder when 65 is divided by 19.
8
What is the remainder when 276 is divided by 32?
20
What is the remainder when 548 is divided by 9?
8
Calculate the remainder when 15317 is divided by 9.
8
Calculate the remainder when 1445 is divided by 75.
20
What is the remainder when 218 is divided by 79?
60
What is the remainder when 93 is divided by 48?
45
What is the remainder when 75 is divided by 9?
3
What is the remainder when 614 is divided by 44?
42
What is the remainder when 266 is divided by 45?
41
Calculate the remainder when 119 is divided by 18.
11
What is the remainder when 22436 is divided by 110?
106
What is the remainder when 107 is divided by 37?
33
Calculate the remainder when 125 is divided by 108.
17
What is the remainder when 19135 is divided by 32?
31
What is the remainder when 46 is divided by 17?
12
Calculate the remainder when 219 is divided by 74.
71
What is the remainder when 132 is divided by 36?
24
Calculate the remainder when 252 is divided by 27.
9
What is the remainder when 2733 is divided by 38?
35
Calculate the remainder when 277 is divided by 78.
43
Calculate the remainder when 732 is divided by 8.
4
What is the remainder when 130 is divided by 8?
2
Calculate the remainder when 962 is divided by 138.
134
Calculate the remainder when 391 is divided by 47.
15
What is the remainder when 233 is divided by 71?
20
Calculate the remainder when 667 is divided by 28.
23
What is the remainder when 285 is divided by 58?
53
Calculate the remainder when 278 is divided by 70.
68
What is the remainder when 195 is divided by 25?
20
What is the remainder when 8184 is divided by 2724?
12
What is the remainder when 293 is divided by 82?
47
What is the remainder when 1119 is divided by 87?
75
What is the remainder when 321 is divided by 93?
42
What is the remainder when 167 is divided by 84?
83
Calculate the remainder when 232 is divided by 16.
8
Calculate the remainder when 73 is divided by 15.
13
What is the remainder when 119 is divided by 51?
17
What is the remainder when 3701 is divided by 36?
29
Calculate the remainder when 520 is divided by 83.
22
What is the remainder when 37 is divided by 14?
9
What is the remainder when 1961 is divided by 98?
1
What is the remainder when 319 is divided by 17?
13
What is the remainder when 138 is divided by 21?
12
Calculate the remainder when 896 is divided by 12.
8
What is the remainder when 63 is divided by 4?
3
What is the remainder when 1063 is divided by 5?
3
Calculate the remainder when 100 is divided by 6.
4
What is the remainder when 484 is divided by 54?
52
Calculate the remainder when 104 is divided by 7.
6
What is the remainder when 263 is divided by 86?
5
What is the remainder when 515 is divided by 35?
25
What is the remainder when 173 is divided by 35?
33
What is the remainder when 296 is divided by 61?
52
Calculate the remainder when 283 is divided by 24.
19
What is the remainder when 286 is divided by 38?
20
What is the remainder when 1679 is divided by 141?
128
Calculate the remainder when 228 is divided by 52.
20
What is the remainder when 250 is divided by 18?
16
Calculate the remainder when 49 is divided by 7.
0
Calculate the remainder when 323 is divided by 54.
53
What is the remainder when 4739 is divided by 397?
372
What is the remainder when 118 is divided by 18?
10
What is the remainder when 502 is divided by 9?
7
What is the remainder when 29 is divided by 15?
14
Calculate the remainder when 32 is divided by 7.
4
What is the remainder when 35439 is divided by 179?
176
What is the remainder when 1626 is divided by 17?
11
What is the remainder when 2124 is divided by 82?
74
What is the remainder when 123 is divided by 41?
0
What is the remainder when 1706 is divided by 61?
59
Calculate the remainder when 809 is divided by 204.
197
Calculate the remainder when 628 is divided by 21.
19
Calculate the remainder when 1437 is divided by 10.
7
Calculate the remainder when 181 is divided by 21.
13
What is the remainder when 168 is divided by 71?
26
What is the remainder when 652 is divided by 131?
128
Calculate the remainder when 859 is divided by 21.
19
Calculate the remainder when 265 is divided by 19.
18
Calculate the remainder when 2730 is divided by 24.
18
What is the remainder when 647 is divided by 72?
71
Calculate the remainder when 98 is divided by 51.
47
Calculate the remainder when 1358 is divided by 46.
24
What is the remainder when 814 is divided by 48?
46
What is the remainder when 64 is divided by 41?
23
What is the remainder when 30524 is divided by 15258?
8
Calculate the remainder when 224 is divided by 45.
44
Calculate the remainder when 113 is divided by 60.
53
What is the remainder when 10339 is divided by 22?
21
Calculate the remainder when 71 is divided by 22.
5
Calculate the remainder when 2876 is divided by 136.
20
Calculate the remainder when 860 is divided by 213.
8
Calculate the remainder when 33865 is divided by 53.
51
Calculate the remainder when 16467 is divided by 18.
15
Calculate the remainder when 131 is divided by 21.
5
Calculate the remainder when 2773 is divided by 920.
13
What is the remainder when 111 is divided by 102?
9
What is the remainder when 169 is divided by 57?
55
Calculate the remainder when 426 is divided by 130.
36
Calculate the remainder when 72 is divided by 54.
18
What is the remainder when 179 is divided by 36?
35
Calculate the remainder when 86 is divided by 13.
8
Calculate the remainder when 170 is divided by 56.
2
Calculate the remainder when 78 is divided by 9.
6
Calculate the remainder when 480 is divided by 152.
24
Calculate the remainder when 669 is divided by 22.
9
What is the remainder when 949 is divided by 19?
18
What is the remainder when 614 is divided by 182?
68
What is the remainder when 664 is divided by 145?
84
Calculate the remainder when 188 is divided by 95.
93
What is the remainder when 600 is divided by 175?
75
Calculate the remainder when 483 is divided by 125.
108
Calculate the remainder when 12143 is divided by 16.
15
Calculate the remainder when 236 is divided by 66.
38
Calculate the remainder when 47 is divided by 5.
2
Calculate the remainder when 594 is divided by 40.
34
Calculate the remainder when 441 is divided by 112.
105
What is the remainder when 106 is divided by 22?
18
Calculate the remainder when 9841 is divided by 11.
7
What is the remainder when 119 is divided by 18?
11
What is the remainder when 695 is divided by 342?
11
Calculate the remainder when 138 is divided by 63.
12
What is the remainder when 481 is divided by 157?
10
Calculate the remainder when 1158 is divided by 576.
6
What is the remainder wh